10
Calculate the remainder when 474146 is divided by 58730.
4306
Calculate the remainder when 95315434 is divided by 94.
92
What is the remainder when 4768 is divided by 4716?
52
Calculate the remainder when 41502 is divided by 923.
890
Calculate the remainder when 148840 is divided by 287.
174
Calculate the remainder when 3370605 is divided by 160504.
21
Calculate the remainder when 15951466 is divided by 1063431.
1
Calculate the remainder when 152417 is divided by 3634.
3423
What is the remainder when 209217 is divided by 1090?
1027
Calculate the remainder when 76873 is divided by 2398.
137
Calculate the remainder when 19008688 is divided by 760346.
38
What is the remainder when 1343970 is divided by 3007?
2848
Calculate the remainder when 22075396 is divided by 1698107.
5
Calculate the remainder when 1712358 is divided by 122146.
2314
Calculate the remainder when 43143677 is divided by 1857.
1853
What is the remainder when 61305 is divided by 20338?
291
What is the remainder when 33920619 is divided by 887?
852
What is the remainder when 4387855 is divided by 42?
31
What is the remainder when 41777 is divided by 3570?
2507
What is the remainder when 117826 is divided by 56815?
4196
Calculate the remainder when 20049464 is divided by 1393.
15
What is the remainder when 7190903 is divided by 2179?
203
Calculate the remainder when 10136138 is divided by 2.
0
What is the remainder when 1209035 is divided by 600?
35
What is the remainder when 699105922 is divided by 4092?
4090
What is the remainder when 283887 is divided by 12903?
21
Calculate the remainder when 546627 is divided by 31.
4
What is the remainder when 75499562 is divided by 2873?
2868
What is the remainder when 288935 is divided by 866?
557
Calculate the remainder when 35698597 is divided by 11.
0
What is the remainder when 159141 is divided by 31802?
131
What is the remainder when 605849 is divided by 71?
6
Calculate the remainder when 338473 is divided by 1991.
3
What is the remainder when 138531 is divided by 1384?
131
Calculate the remainder when 637542 is divided by 43.
24
Calculate the remainder when 969707 is divided by 107736.
83
Calculate the remainder when 57468 is divided by 57052.
416
Calculate the remainder when 363369 is divided by 357.
300
What is the remainder when 1362955 is divided by 1285?
855
Calculate the remainder when 47065449 is divided by 14.
11
What is the remainder when 630065 is divided by 65?
20
Calculate the remainder when 51615 is divided by 25636.
343
What is the remainder when 6170061 is divided by 205668?
21
What is the remainder when 68345879 is divided by 22781957?
8
What is the remainder when 2453213 is divided by 3613?
3599
Calculate the remainder when 22573132 is divided by 550562.
90
Calculate the remainder when 166292 is divided by 83141.
10
What is the remainder when 209591 is divided by 17445?
251
Calculate the remainder when 2029311 is divided by 11798.
55
Calculate the remainder when 21865535 is divided by 1632.
1631
What is the remainder when 314251 is divided by 157079?
93
Calculate the remainder when 70317 is divided by 35026.
265
Calculate the remainder when 14392 is divided by 6869.
654
What is the remainder when 326786 is divided by 5953?
5324
Calculate the remainder when 355726 is divided by 561.
52
What is the remainder when 6530830 is divided by 50?
30
Calculate the remainder when 2486272 is divided by 30.
22
Calculate the remainder when 22440970 is divided by 9216.
10
Calculate the remainder when 51597348 is divided by 25.
23
What is the remainder when 2432255 is divided by 16215?
5
What is the remainder when 1442786 is divided by 821?
289
Calculate the remainder when 125997 is divided by 137.
94
Calculate the remainder when 343667 is divided by 171515.
637
Calculate the remainder when 9996 is divided by 2777.
1665
Calculate the remainder when 9545490 is divided by 44605.
20
What is the remainder when 1926189 is divided by 1367?
86
Calculate the remainder when 475364 is divided by 129.
128
What is the remainder when 33759829 is divided by 69?
61
What is the remainder when 1554451 is divided by 1554377?
74
Calculate the remainder when 153901900 is divided by 473.
471
What is the remainder when 109494643 is divided by 41?
2
What is the remainder when 268077 is divided by 21?
12
What is the remainder when 74940582 is divided by 139?
122
Calculate the remainder when 603579 is divided by 896.
571
Calculate the remainder when 37942312 is divided by 10083.
10066
Calculate the remainder when 37186 is divided by 22.
6
Calculate the remainder when 41092425 is divided by 518.
3
Calculate the remainder when 75915449 is divided by 45.
44
What is the remainder when 514838 is divided by 102956?
58
What is the remainder when 34572444 is divided by 21?
18
Calculate the remainder when 31138208 is divided by 2137.
2118
What is the remainder when 13242319 is divided by 1203846?
13
Calculate the remainder when 3697104 is divided by 6071.
5936
What is the remainder when 127314340 is divided by 4270?
20
Calculate the remainder when 499537 is divided by 71174.
1319
What is the remainder when 86426964 is divided by 2131?
2128
Calculate the remainder when 38310717 is divided by 106.
91
Calculate the remainder when 1533769 is divided by 102.
97
Calculate the remainder when 172472 is divided by 1242.
1076
What is the remainder when 112497 is divided by 712?
1
What is the remainder when 2862680 is divided by 63615?
5
What is the remainder when 19537749 is divided by 9768870?
9
Calculate the remainder when 54681 is divided by 18220.
21
Calculate the remainder when 383863 is divided by 13223.
396
What is the remainder when 797236 is divided by 61311?
193
Calculate the remainder when 5857791 is divided by 836778.
345
What is the remainder when 540260 is divided by 28428?
128
Calculate the remainder when 6402513 is divided by 123.
117
Calculate the remainder when 64265 is divided by 3419.
2723
What is the remainder when 2686376 is divided by 671?
363
Calculate the remainder when 136575 is divided by 742.
47
Calculate the remainder when 5005420 is divided by 1440.
1420
Calculate the remainder when 1502168315 is divided by 640.
635
What is the remainder when 2627206 is divided by 72?
70
Calculate the remainder when 3024574 is divided by 178.
176
Calculate the remainder when 10399229 is divided by 1216.
1213
What is the remainder when 1560336 is divided by 3555?
3246
Calculate the remainder when 43358680 is divided by 367446.
52
What is the remainder when 2016481 is divided by 1021?
6
Calculate the remainder when 4784559 is divided by 1594838.
45
What is the remainder when 200131 is divided by 55?
41
Calculate the remainder when 1036870 is divided by 32.
6
What is the remainder when 743008 is divided by 25614?
202
What is the remainder when 313824685 is divided by 4371?
4369
What is the remainder when 264494 is divided by 1525?
669
What is the remainder when 794586 is divided by 90?
66
What is the remainder when 7863086 is divided by 1310511?
20
Calculate the remainder when 1924972 is divided by 566.
6
Calculate the remainder when 11233330 is divided by 21983.
17
What is the remainder when 3022832 is divided by 1042?
1032
What is the remainder when 33018806 is divided by 11006264?
14
Calculate the remainder when 802317 is divided by 89129.
156
What is the remainder when 1362346 is divided by 7654?
7588
Calculate the remainder when 4224175 is divided by 15.
10
What is the remainder when 29103442 is divided by 82446?
4
What is the remainder when 6642182 is divided by 2213977?
251
What is the remainder when 64142715 is divided by 1877?
1871
Calculate the remainder when 18127406 is divided by 57915.
11
What is the remainder when 95596 is divided by 137?
107
Calculate the remainder when 27713 is divided by 5532.
53
Calculate the remainder when 107325737 is divided by 317.
315
Calculate the remainder when 52956 is divided by 3367.
2451
Calculate the remainder when 27721 is divided by 5435.
546
Calculate the remainder when 908246 is divided by 28336.
1494
What is the remainder when 183145808 is divided by 61048599?
11
What is the remainder when 624756 is divided by 316?
24
What is the remainder when 15013715 is divided by 12?
11
What is the remainder when 201011076